a(t) = -t**2 + 3. Suppose 1 = -y - 7. Let c = -8 - y. Calculate a(c).
3
Let a be (1 + 0)/(2/6). Let u(w) = 9 + 5*w - 2*w + 8 - 2*w - 15. Give u(a).
5
Let f(p) = 5*p + p**3 + 7*p - 1 - 5*p - 7*p**2 - 4. Determine f(6).
1
Suppose 0 = -4*v + 3 - 11. Let o be (v + 1)/((-2)/2). Let s(p) = o + 4*p**2 + 1 + 2*p - 2*p - 2*p - p**3. Give s(2).
6
Let v(h) = h**2 + 2*h + 3. Let n(p) = 2*p**3 - 2*p**2 + 2*p - 1. Let z be n(1). Suppose y + z = -2. Calculate v(y).
6
Suppose -3*b - 15 = -2*p - 0*b, -2*p + b + 13 = 0. Let g(a) = -a**3 + 7*a**2 - 5*a - 4. Give g(p).
2
Let f = -31 - -37. Let i(c) = c**2 - 5*c - 2. Give i(f).
4
Let z(a) = -5*a - 1 - a + 3*a. Suppose 0 = j - 2*j + 3. Suppose 3*o + j*c = 6*o - 12, 3*o + 3*c + 18 = 0. Determine z(o).
2
Let w(k) = -k**2 - 4. Let o(l) = l - 3. Let r be o(9). Let u = 3 + r. Let q = -9 + u. Determine w(q).
-4
Let k(s) = -1 + s - 3 + 1. Let n be k(5). Let b = n - 0. Let a(y) = y**2 - 2*y + 3. Give a(b).
3
Suppose 1 = 3*d - 5. Suppose 3*r - 4 = d. Let c(o) = r*o + 0*o**2 + 4 + o**2 + 2*o. Calculate c(-4).
4
Let o(n) = -n**3 + 3*n**2 + 6*n - 1. Let f(c) = -c. Suppose 4 = d - 5*d. Let b(h) = d*o(h) - 2*f(h). Suppose 2*t - 3*y = 20, -y + 6*y + 16 = -t. Calculate b(t).
1
Let q(m) = 6*m + 7*m + 2*m - 21*m + 5*m**2 + m**3. Give q(-6).
0
Let x(w) be the first derivative of w**4/12 - 2*w**3/3 + 2*w**2 - 5*w - 1. Let z(n) be the first derivative of x(n). What is z(4)?
4
Let k(a) be the third derivative of -a**4/8 + 2*a**3/3 - 2*a**2. Let m be (3/(-5))/(2/(-10)). Determine k(m).
-5
Let b(a) = -a**3 - 6*a**2 - 7*a - 4. Let u be b(-5). Let w(l) = l - 6. Give w(u).
0
Let a be 2/(-17) + 66/(-17) - 3. Let t(r) = -r**3 - 6*r**2 + 6*r - 9. What is t(a)?
-2
Let f(h) = -4*h**3 - 2*h**2 + 1. Let u = -108 - -109. What is f(u)?
-5
Let d(n) = n**3 + 7*n**2 - 2*n - 10. Let l be d(-7). Let g(q) = q + 2. What is g(l)?
6
Let n(c) = -6*c**3 + c - c**2 + 0*c**3 + 3*c**3. Determine n(1).
-3
Let x be 2/4 + (-34)/4. Let j be (3 - 0)/(12/x). Let g be j/(-4) + (-2)/4. Let y(i) = -i**2 + i + 5. Calculate y(g).
5
Let y(s) be the first derivative of -s**3/3 + 3*s**2/2 - 4. Give y(3).
0
Let h(g) = g**3 - 3*g**2 + 2*g - 1. Let m be h(3). Let d(k) = -k**3 + 4*k**2 + 3*k + 3. What is d(m)?
-7
Let z(s) = -s**2 - 2 - 2 + s + 7. Suppose -4*m + m + 4*l - 32 = 0, -5*m - 57 = -3*l. Let r be (6/5)/(m/(-30)). Determine z(r).
-3
Let t(s) be the third derivative of -s**5/120 + 5*s**4/12 - s**3/3 + 2*s**2. Let l(m) be the first derivative of t(m). Calculate l(5).
5
Let q(d) = 0*d**2 - 3*d**2 - d**2 - 9 + 7*d + 3*d**2. Determine q(6).
-3
Let x(g) = -g**3 + g**2 - 2*g + 3. Let y be x(0). Let d(f) = 5*f + 2*f**2 + f**3 - f - 1 - 2*f**y. Determine d(3).
2
Let g(r) = r**3 + 5*r**2 + 4*r + 6. Let o(l) = l + 4. Suppose -4*k = -t - 10, -t + k = -6*t - 50. Let a = 2 + t. Let p be o(a). What is g(p)?
6
Let x(v) = -v. Let o(m) = -9*m + 6. Suppose 0*j - 5*j = -5. Let n(d) = j*o(d) - 6*x(d). Suppose 2*u = 3*u - 4. Give n(u).
-6
Let n(j) = 4 - 164*j - 2 + 165*j + 0. What is n(-10)?
-8
Let w(v) = -3 + 5 + 332*v**2 + v - 331*v**2. What is w(-2)?
4
Let q(l) = l**2 + 10*l + 6. Let f be q(-10). Let w(d) = -5*d**2 + 10*d + 1. Let k(h) = -11*h**2 + 21*h + 2. Let v(n) = -4*k(n) + 9*w(n). Give v(f).
1
Let m(y) be the second derivative of y**4/12 + y**3/3 - 3*y**2/2 + y. Let p be (-2)/3 + 11/3. Suppose -j - 12 = 2*j, 0 = p*n + 5*j + 32. Determine m(n).
5
Suppose -2*i - 11 = -5*y, -4*y - 2*i - i = -18. Let f be ((-3)/y)/(1/(-2)). Suppose -f*b = -3*b. Let d(x) = x. Determine d(b).
0
Let h(v) = 5*v**2 + 18*v - 1. Let y(p) = 2*p**2 + 9*p. Let j(c) = -3*h(c) + 5*y(c). Let n(d) = -d**2 - d - 1. Let l(s) = j(s) - 4*n(s). Give l(-6).
1
Let t(j) = j**2 + 4*j - 7. Let x be (-38)/4*(5 - 7). Suppose f + 3*w - x = 3*f, -5*f = 5*w + 10. Give t(f).
-2
Let f = 1 + -3. Let n be (-4)/(12/(-9)) - f. Let j(h) = -5*h**2 + 0*h**3 + 6 - h + h + h**3. Give j(n).
6
Let u(l) = -l + 3. Suppose 0 = -5*r - 4*x + 8, -5*r - 4 = -2*x - 0. Calculate u(r).
3
Let z(l) = -l**3 + 6*l**2 + l - 2. Let m = 19 + -13. Determine z(m).
4
Let u(s) = 2*s**2 + s + 3. Let p(h) = -5*h**2 - h - 10. Let c(y) = 3*p(y) + 8*u(y). Give c(-6).
0
Suppose 3*o + 0*w + 6 = -3*w, 4*o - 5*w = 1. Let c be -3*5/3*o. Let v(x) = 15*x - 21*x + 4 + 2 + 5*x. Calculate v(c).
1
Let y(n) = n + 1. Suppose -25 - 35 = -10*k. Calculate y(k).
7
Let h(r) be the first derivative of -r**2 - 7*r + 1. Suppose -5*l + 23 = -3*m, 2*m + 0*l = -4*l - 8. Determine h(m).
5
Let q(j) = -4 + 9 - 4 + 7*j. Determine q(-1).
-6
Let t(d) = d**3 - d - 2. Suppose -6 = 3*f - 0. Give t(f).
-8
Let s(b) be the first derivative of b**4/4 + 4*b**3/3 + 2*b**2 + 3*b + 6. Suppose -v = 4*v - 40. Suppose -3*r - w = v - 0, 5*r = 5*w - 20. Determine s(r).
0
Let w(o) = -o - 1. Suppose 3*p - 8*p = -4*g + 12, 0 = -3*g + 4*p + 8. Let v be 1 + 0 + (-2 - -7). Let r = v - g. Calculate w(r).
1
Let t(r) = r**3 - 6*r**2 - 8*r + 6. Let c = 57 - 50. Calculate t(c).
-1
Let t(s) be the third derivative of s**4/12 + s**3/2 + s**2. Suppose -3*g + 0*a - 4*a - 17 = 0, 6 = -4*g - 2*a. Suppose -2*u = g + 3. Give t(u).
-1
Let d(y) = y - 6. Let x(c) = -c**2 + 2*c + 3. Let a = 12 - 0. Suppose 4*b = -0*b + a. Let p be x(b). Determine d(p).
-6
Let i be 4/2*(-4 - -14). Suppose 4*x = i - 8. Let n(m) be the third derivative of -m**6/120 + m**5/15 + m**4/24 - m**3/3 + m**2. Determine n(x).
10
Let d be (-9)/(-1) + (-3)/1. Suppose -2*i - 20 + d = 0. Let a(s) = -s**3 - 7*s**2 + s - 5. Give a(i).
-12
Suppose 1 = n - 3. Let q(g) = -5 + 7*g + 7 - n*g. Calculate q(-4).
-10
Let r be (-2)/(-3)*(-3 + 12). Let d be 1/4 - (-51)/(-12). Let x = r + d. Let j(z) = -z - 2. Determine j(x).
-4
Let k(j) be the third derivative of -2*j**2 - j**3 + 1/8*j**4 + 0*j + 0. Determine k(5).
9
Suppose 4*c + 1 = -3. Let l = 5 + c. Let q(v) = v**3 - 4*v**2 - 2*v - 4. Determine q(l).
-12
Let n be ((-4)/1)/(3 + -5). Let f(y) = -4*y**3 + 2 + 5*y**3 - 5*y**n + 2*y**2 + 2*y. Determine f(2).
2
Let t(d) be the first derivative of -2*d**3 - d**2/2 + d + 8. Let x(p) = -p**3 + 4*p**2 + 4*p + 3. Let i be x(5). Let v = i + 3. What is t(v)?
-6
Let p(v) be the third derivative of v**5/60 + 5*v**3/6 + 3*v**2. Let o(c) = 4. Suppose 0*f - 6 = f. Let i(t) = f*o(t) + 5*p(t). Give i(1).
6
Let o(a) = a + 6. Suppose -37 - 27 = -4*c. Suppose 20 = -3*i + 2*h + 3*h, -5*i + 4*h - c = 0. What is o(i)?
6
Let t(o) = o**3 - 5*o**2 + 5*o - 1. Let s be t(4). Let u(g) = -5*g + 2*g + s*g - 2*g + 5. Give u(4).
-3
Let w(v) = v. Let u(a) = 7 - 11 + 11 - 3*a + 12. Let g be u(8). Calculate w(g).
-5
Let z(h) = -h**2 - 9*h - 6. Let d be z(-8). Let o(w) = -w**2 - 3 + 2 + w**3 + 2*w - w**2. Calculate o(d).
3
Let n(z) = -14*z - 1. Suppose -2*r + 8 = 0, 0 = -g - 2*g - 2*r + 11. Calculate n(g).
-15
Let h be 3*(-2 + 10/3). Let q = 9 + -4. Let p(s) = 5*s - 2*s + 0*s**3 - s**3 + h*s**2 - q. Determine p(4).
7
Suppose 0 = 3*i - 4*n - 4, -n - 5 = -5*i - 4. Let l(y) = -y**3 + 14*y**2 - 13*y + 2. Let x be l(13). Let p(m) = -8 - 1 + 1 + x - m. Determine p(i).
-6
Suppose 0 = 2*h + 8, 0 = -x + 2*h + h + 15. Suppose -x*p + 3 = -0*p - 4*b, 5*b = -15. Let l(m) = -m**3 - 3*m**2 + 5*m + 4. Calculate l(p).
-11
Let s(c) = 2*c**3 - 3*c**2 + 3*c - 1. Let w = 10 + -8. Calculate s(w).
9
Let r(f) be the first derivative of 2*f - 1/2*f**2 - 1/3*f**3 - 2. Let n(m) = -m - 5. Let s be n(-7). Calculate r(s).
-4
Let l(w) = -w + 3. Let p(t) = 6*t - 1. Let d be p(1). Calculate l(d).
-2
Let u(m) = m**3 + m**2 - 3*m - 3. Let o(j) = -5*j + 23. Let r be o(5). What is u(r)?
-1
Let c be (-2)/(-6) + 8/(-6). Let z(i) = i + 4. Let x(u) = -u - 3. Let m(h) = -5*x(h) - 4*z(h). Determine m(c).
-2
Suppose 0 = o - 2 - 1. Let y(h) = -1 - 1 + 3 - 2*h**2 + 12*h**o - 5*h**3. Give y(-1).
-8
Suppose 11 = -5*h + 2*h - v, 2*h - 16 = 4*v. Let o(x) = 3*x**2 - 1. Let g(i) = 10*i**2 - 3. Let f(w) = -2*g(w) + 7*o(w). What is f(h)?
3
Let n(o) = 8*o**2 - 3*o**2 - o**2. Let q be (-46)/10 - (-4)/(-10). Let p(b) = -b - 6. Let i be p(q). Determine n(i).
4
Let i(l) be the second derivative of -l**5/20 + 2*l**4/3 - 2*l**2 - 8*l. What is i(8)?
-4
Let m(v) = v**3 - 3*v**2 + v + 1. Let n(z) = -z + 14. Let p be n(11). Suppose p*s = 3*w - w - 18, 4 = -4*w - 4*s. What is m(w)?
4
Let s(l) = 8*l**2 - 17. Let q(i) = i**2 - 2. Let d(a) = 51*q(a) - 6*s(a). What is d(1)?
3
Let z(o) 